847 a composite number?
True
Is 7390217 a prime number?
True
Is 1022113 a prime number?
True
Is 46125377 prime?
False
Is 78810151 a composite number?
True
Is 5291161 composite?
False
Is 103289 a composite number?
False
Is 60164339 a prime number?
False
Is 193588373 composite?
True
Is 28494341 a composite number?
False
Is 89532607 a prime number?
True
Is 21314237 a composite number?
True
Is 1445117 a composite number?
False
Is 147911 composite?
True
Is 14946589 prime?
False
Is 137667895 a composite number?
True
Is 377963 composite?
False
Is 85677523 composite?
True
Is 15015281 a prime number?
False
Is 184695887 composite?
False
Is 1180708915 composite?
True
Is 76387739 a prime number?
False
Is 73430683 a composite number?
False
Is 17399089 a prime number?
True
Is 69613 a prime number?
False
Is 274626623 a prime number?
True
Is 31298941 a composite number?
False
Is 126359 a composite number?
False
Is 801247 prime?
True
Is 1819819 a prime number?
True
Is 11452579 prime?
True
Is 37709159 composite?
False
Is 924262 a composite number?
True
Is 46927193 prime?
True
Is 4889851 composite?
False
Is 69344435 composite?
True
Is 33577321 prime?
True
Is 7725239 prime?
True
Is 1807987 prime?
True
Is 3006481 composite?
True
Is 2289083 a prime number?
True
Is 1592797 a composite number?
False
Is 437354 prime?
False
Is 62101003 composite?
False
Is 19972789 composite?
True
Is 67820021 prime?
False
Is 1564093 prime?
False
Is 8683393 a composite number?
False
Is 1787309 a prime number?
True
Is 151003063 a composite number?
False
Is 276015917 a composite number?
True
Is 7841387 a composite number?
True
Is 5430851 composite?
False
Is 37889153 prime?
False
Is 4822589 a prime number?
True
Is 279540647 prime?
True
Is 1259831 composite?
True
Is 19922339 composite?
False
Is 11674079 composite?
False
Is 436770219 composite?
True
Is 2995462 composite?
True
Is 20171831 a composite number?
True
Is 154105199 prime?
True
Is 574263061 a prime number?
False
Is 5589307 a prime number?
False
Is 134846177 prime?
False
Is 2560427 composite?
False
Is 588013997 a prime number?
False
Is 806471 prime?
False
Is 8613677 a prime number?
True
Is 1089509 prime?
True
Is 34120417 composite?
True
Is 15569461 a composite number?
True
Is 542297 a composite number?
True
Is 194326313 composite?
True
Is 229381127 prime?
True
Is 9031427 composite?
False
Is 5003923 a composite number?
False
Is 17828729 composite?
False
Is 55210681 prime?
True
Is 358031 a prime number?
True
Is 56211601 a prime number?
False
Is 51580483 a composite number?
False
Is 83090257 a prime number?
True
Is 3202663 composite?
False
Is 11342377 a prime number?
False
Is 42960187 a prime number?
True
Is 765767 a composite number?
False
Is 1375071083 a prime number?
False
Is 146298931 prime?
False
Is 769133117 prime?
True
Is 985651 a prime number?
False
Is 1219037 a prime number?
False
Is 21594583 composite?
True
Is 17507477 a prime number?
False
Is 1858595 prime?
False
Is 9274861 prime?
True
Is 71968839 a composite number?
True
Is 11756599 a prime number?
False
Is 2075059 a prime number?
False
Is 7581341 a prime number?
True
Is 62762647 a prime number?
True
Is 118845253 a composite number?
False
Is 213695327 a prime number?
True
Is 4693499 prime?
True
Is 113802323 prime?
False
Is 75433201 prime?
True
Is 1136557319 a composite number?
False
Is 1579001 a composite number?
False
Is 24255707 a prime number?
False
Is 28158379 a prime number?
False
Is 95832271 a prime number?
True
Is 148966049 a prime number?
False
Is 1003263 a prime number?
False
Is 7027253 a prime number?
True
Is 680477153 a composite number?
True
Is 15173863 a composite number?
False
Is 665549 a composite number?
False
Is 10871677 prime?
True
Is 207506983 prime?
True
Is 20244911 a prime number?
False
Is 5141093 composite?
False
Is 79634911 prime?
False
Is 20010401 prime?
False
Is 62227211 composite?
True
Is 6501218 composite?
True
Is 3970633 a prime number?
True
Is 43996751 composite?
False
Is 21129037 composite?
False
Is 32114839 a prime number?
True
Is 1285129 prime?
True
Is 8235281 prime?
True
Is 32372837 composite?
True
Is 17002507 a prime number?
True
Is 257189 composite?
False
Is 82982755 prime?
False
Is 10164257 composite?
True
Is 39006833 a composite number?
False
Is 2567801 composite?
False
Is 1156271 a composite number?
False
Is 1085593 a prime number?
False
Is 544497 a prime number?
False
Is 317249 composite?
True
Is 516999297 a prime number?
False
Is 46358047 a composite number?
False
Is 7093277 prime?
True
Is 6399611 a prime number?
True
Is 43743923 composite?
False
Is 1887797 a prime number?
True
Is 106381687 composite?
False
Is 211475405 prime?
False
Is 1642405 prime?
False
Is 18585769 prime?
True
Is 15447841 composite?
False
Is 777203 composite?
True
Is 12956323 a prime number?
False
Is 52869563 a composite number?
False
Is 1965482 a prime number?
False
Is 19137299 prime?
False
Is 30933829 prime?
False
Is 128509279 prime?
False
Is 638023 prime?
True
Is 5869303 composite?
True
Is 1981037 a prime number?
True
Is 4798901 a prime number?
True
Is 1460567 a composite number?
False
Is 47737069 composite?
False
Is 44907221 composite?
True
Is 5985217 a composite number?
True
Is 4238519 a composite number?
False
Is 14329229 a composite number?
False
Is 62310293 a prime number?
False
Is 3853061 composite?
True
Is 8432401 prime?
True
Is 2543699 composite?
False
Is 23908981 a composite number?
False
Is 334057621 a prime number?
False
Is 9080069 a prime number?
True
Is 3295657 a composite number?
False
Is 15232291 a composite number?
False
Is 37438682 a prime number?
False
Is 56177171 composite?
False
Is 4928069 a composite number?
False
Is 1840829 composite?
False
Is 8070383 a prime number?
False
Is 157541609 composite?
False
Is 1314291515 a prime number?
False
Is 19893691 prime?
True
Is 10240301 a composite number?
False
Is 32910359 a composite number?
False
Is 7200082 a prime number?
False
Is 1602311 prime?
True
Is 21158731 a prime number?
False
Is 31182521 prime?
True
Is 16612967 a prime number?
False
Is 890815123 a composite number?
True
Is 2285551 a prime number?
True
Is 65716657 prime?
True
Is 604484521 a composite number?
True
Is 17643839 composite?
False
Is 257065057 prime?
True
Is 6442547 a prime number?
False
Is 825509 a prime number?
True
Is 171650383 prime?
True
Is 11199403 prime?
True
Is 10467469 a composite number?
False
Is 20393173 prime?
False
Is 1105007 prime?
False
Is 182501399 composite?
True
Is 5868737 a composite number?
True
Is 1043725177 prime?
False
Is 66904961 a composite number?
True
Is 149963483 composite?
False
Is 6439543 composite?
True
Is 2397841 prime?
False
Is 438341 a composite number?
False
Is 23478089 a composite number?
True
Is 2392909 prime?
False
Is 49661 a prime number?
False
Is 3914663 prime?
True
Is 75686447 prime?
False
Is 46509487 a prime number?
True
Is 3063059 composite?
False
Is 169666027 composite?
True
Is 11012071 a composite number?
True
Is 88255631 a composite number?
False
Is 606320179 a composite number?
False
Is 68256115 a prime number?
False
Is 1881986 a composite number?
True
Is 18707501 a composite number?
False
Is 112212251 prime?
False
Is 47045591 prime?
False
Is 183456869 composite?
False
Is 607600801 a composite number?
False
Is 8684821 a composite number?
False
Is 760385 a composite number?
True
Is 2377001 a composite number?
True
Is 145138277 a prime number?
True
Is 25810021 prime?
False
Is 26784221 composite?
True
Is 537460577 composite?
False
Is 7297283 a composite number?
True
Is 298159403 a composite number?
True
Is 38850377 composite?
True
Is 33961 a prime number?
True
Is 721499 a prime number?
True
Is 1970258 composite?
True
Is 79057571 a prime number?
True
Is 8893631 a composite number?
True
Is 103034159 a prime number?
False
Is 1193817 composite?
True
Is 10684643 composite?
False
Is 13529791 composite?
True
Is 129060247 prime?
False
Is 4266751 prime?
False
Is 21800841 a composite number?
True
Is 13731799 a prime number?
True
Is 14576799 a prime number?
False
Is 81239 composite?
False
Is 47346883 prime?
False
Is 182720903 composite?
True
Is 41809351 prime?
False
Is 14670731 composite?
False
Is 56081 prime?
True
Is 35438323 composite?
False
Is 5547863 composite?
False
Is 34284389 composite?
Fal